7. Determine z(0).
37
Let h(r) = 18*r + 406. Determine h(-19).
64
Let r(o) = -o**3 - 17*o**2 - 26*o - 7. Give r(-15).
-67
Let d(k) = 175*k + 3664. Calculate d(-21).
-11
Let i(k) = 403*k - 82. What is i(0)?
-82
Let i(q) = 420*q - 713. What is i(2)?
127
Let o(i) = -526*i + 6857. What is o(13)?
19
Let x(y) = 10*y + 299. Calculate x(-32).
-21
Let z(t) = -t**2 + 195. Calculate z(14).
-1
Let s(k) = -2*k**3 - k**2 - 3*k - 12. Calculate s(3).
-84
Let l(w) = 264*w**2 + 4*w - 3. Give l(1).
265
Let y(q) = -q**2 - 261*q + 1615. What is y(6)?
13
Let d(b) = -13*b**3 - 158*b**2 - 46*b - 260. What is d(-12)?
4
Let j(p) = 2*p**3 - 49*p**2 + 51*p + 397. Calculate j(23).
-17
Let m(u) = 257*u - 14658. Determine m(57).
-9
Let k(j) = 2*j**3 + 47*j**2 - 119*j - 1087. Determine k(-25).
13
Let c(f) = -f**3 + 12*f**2 - 31*f - 29. Calculate c(6).
1
Let m(y) = -y**3 + 8*y**2 - 42*y + 178. Determine m(6).
-2
Let x(h) = h**2 + 77*h + 164. Determine x(-75).
14
Let h(t) = 32*t - 398. Determine h(14).
50
Let j(z) = 44*z**2 + 1. What is j(-1)?
45
Let n(t) = 8*t**3 + 3*t**2 + t - 5. What is n(1)?
7
Let z(i) = 65*i**2 - 386*i - 6. What is z(6)?
18
Let v(x) = 12*x + 238. Give v(-5).
178
Let i(r) = 379*r - 2269. What is i(6)?
5
Let k(v) = v**2 - 4009*v - 68433. What is k(-17)?
9
Let b(x) = x**2 - 13*x - 3. Calculate b(-2).
27
Let u(g) = -4*g**2 + 150*g - 135. Determine u(37).
-61
Let p(i) = -24*i + 97. Give p(5).
-23
Let m(z) = -z**3 - 33*z**2 - 127*z - 368. Give m(-29).
-49
Let c(j) = 240*j - 5102. Calculate c(21).
-62
Let n(b) = 245*b - 6857. Calculate n(28).
3
Let y(j) = -j**3 - 19*j**2 - 49*j - 231. Determine y(-17).
24
Let z(h) = -9*h**3 - 72*h**2 + 7*h + 39. Calculate z(-8).
-17
Let v(l) = l**2 - 329*l + 6161. Determine v(20).
-19
Let i(m) = 8*m + 31. Calculate i(-2).
15
Let n(w) = -742*w - 2959. Calculate n(-4).
9
Let w(b) = b**2 - 29*b + 88. What is w(25)?
-12
Let z(d) = -88*d**2 - 35*d + 34. What is z(1)?
-89
Let w(a) = -a**2 + 32*a + 36. Determine w(35).
-69
Let z(b) = 140*b + 4334. Determine z(-31).
-6
Let r(a) = -a - 10. Calculate r(-2).
-8
Let b(c) = -41*c + 911. Give b(23).
-32
Let f(v) = -v**3 - 68*v**2 - 70*v - 118. Give f(-67).
83
Let z(x) = x**3 - 7*x**2 + 133*x - 1338. Determine z(9).
21
Let j(f) = 188*f**2 + 16546*f + 175. Determine j(-88).
-1
Let y(h) = -2*h**3 + 31*h**2 - 12*h + 19. Determine y(15).
64
Let w(u) = 14*u**2 + 1154*u + 489. What is w(-82)?
-3
Let p(s) = 4*s**3 - 2*s**2 - s + 7. Give p(-3).
-116
Let o(i) = 2*i**3 + 60*i**2 - 125*i + 101. Calculate o(-32).
5
Let a(b) = -2*b**2 - 68*b + 5699. Calculate a(39).
5
Let l(v) = -2*v**2 + 76*v - 77. Calculate l(37).
-3
Let v(k) = -5*k**2 + 135*k + 3. Calculate v(25).
253
Let g(s) = -34*s**2 + 3*s. Determine g(1).
-31
Let n(q) = -q**2 + 26*q - 69. Determine n(4).
19
Let b(v) = v**3 + 20*v**2 + 92*v - 17. Determine b(-8).
15
Let k(t) = -t**2 - 211*t + 1961. Give k(-220).
-19
Let c(a) = a**2 - 4*a - 30. Determine c(6).
-18
Let n(y) = 2*y**2 + 210*y + 63. What is n(-105)?
63
Let c(p) = -2*p**3 - p**2 - p - 18. Determine c(-5).
212
Let u(x) = 26*x - 206. Determine u(8).
2
Let t(v) = 2*v**3 + 113*v**2 + 64*v + 450. Give t(-56).
2
Let c(k) = -25*k - 1564. What is c(-63)?
11
Let m(l) = l**3 + 3*l**2 + 10*l - 153. What is m(0)?
-153
Let l(a) = -2661*a + 24001. What is l(9)?
52
Let u(o) = o**2 + 104*o + 1325. What is u(-89)?
-10
Let c(g) = g**2 - 272*g + 16282. Calculate c(183).
-5
Let c(k) = -k**3 - 79*k**2 - 297*k + 197. Calculate c(-75).
-28
Let z(n) = 26*n - 243. Calculate z(9).
-9
Let k(r) = -r**3 - 67*r**2 + 138*r - 5. Give k(-69).
-5
Let v(s) = -s**2 + 81*s - 1100. Give v(61).
120
Let c(x) = -x**3 - 39*x**2 + 37*x - 290. Give c(-40).
-170
Let z(h) = 26*h + 456. Give z(-17).
14
Let k(r) = 206*r + 3913. Determine k(-19).
-1
Let l(r) = 5*r**2 - 152*r - 19. Determine l(27).
-478
Let r(b) = 788*b - 6311. What is r(8)?
-7
Let p(y) = 2*y**2 + 120*y - 1571. Calculate p(-71).
-9
Let x(b) = -71*b + 884. Calculate x(0).
884
Let l(a) = -a**2 - 48*a + 1025. What is l(16)?
1
Let c(l) = l**3 + 77*l**2 - 13*l - 959. Calculate c(-77).
42
Let y(p) = 748*p - 2954. Calculate y(4).
38
Let j(m) = 620*m + 52088. What is j(-84)?
8
Let a(i) = -4*i**3 + 7*i**2 - 29*i + 72. Determine a(6).
-714
Let s(t) = 241*t + 2409. Calculate s(-10).
-1
Let m(l) = 53*l - 726. What is m(0)?
-726
Let s(t) = 2*t**3 + 13*t**2 + 46*t + 550. What is s(-8)?
-10
Let a(d) = d**2 + 29*d + 50. Give a(-18).
-148
Let r(v) = v**3 - 6*v**2 + v + 20. Determine r(2).
6
Let y(q) = q**2 - 1660. Calculate y(-41).
21
Let u(v) = 3*v**3 + 274*v**2 + 89*v - 46. Give u(-91).
136
Let r(w) = 23*w - 626. Determine r(27).
-5
Let l(z) = -z**2 + 28*z - 116. Determine l(16).
76
Let o(b) = 7*b**2 - 268*b + 84. Determine o(38).
8
Let b(x) = 2*x**3 + 17*x**2 + 7*x - 7. Give b(-8).
1
Let j(u) = 74*u - 877. Give j(10).
-137
Let v(l) = 26*l - 156. Determine v(-23).
-754
Let y(a) = -3737*a + 14950. What is y(4)?
2
Let v(h) = -2*h**3 - 15*h**2 + 7*h + 16. Determine v(-7).
-82
Let a(x) = -46*x - 4268. Calculate a(-92).
-36
Let u(f) = -f**3 + 18*f**2 + 140*f - 574. Calculate u(23).
1
Let j(q) = -3*q**3 + 2*q**2 - q + 1. Give j(2).
-17
Let s(r) = -r**3 - 16*r**2 + 60*r + 38. What is s(-19)?
-19
Let a(k) = -98*k + 382. What is a(0)?
382
Let y(h) = -40*h**3 + h - 9. What is y(-2)?
309
Let b(x) = -x**3 - 30*x**2 - 22*x + 4. Calculate b(-29).
-199
Let a(m) = -m**3 + 8*m**2 - 34*m + 162. What is a(6)?
30
Let q(l) = -l**3 + 37*l**2 + 23*l + 519. Give q(38).
-51
Let t(f) = 19*f**2 + 37*f + 19. Determine t(-2).
21
Let d(s) = s**3 - 12*s**2 + 20*s. Determine d(10).
0
Let z(j) = 147*j**2 + 1194*j - 4. Give z(-8).
-148
Let u(t) = -t**3 - 3*t**2 + 4*t + 141. Determine u(0).
141
Let f(j) = -6*j**3 - 19*j**2 - 116*j - 341. Give f(-3).
-2
Let p(b) = -b**3 + b**2 - 8*b - 8. What is p(3)?
-50
Let w(t) = 2*t**2 + 102*t + 83. What is w(-50)?
-17
Let c(m) = -26*m - 295. Calculate c(-13).
43
Let r(g) = -g**3 + 19*g**2 - 63*g + 240. Give r(16).
0
Let a(t) = -t**2 + 5*t + 2. Determine a(-3).
-22
Let h(b) = b**2 + 75*b + 1031. Give h(-17).
45
Let d(r) = -37*r + 171. Calculate d(3).
60
Let a(f) = -2*f**2 + 2*f - 184. Calculate a(0).
-184
Let m(d) = d**2 + 218*d + 7672. Calculate m(-44).
16
Let o(n) = -31*n - 123. What is o(-16)?
373
Let o(s) = 7*s**3 + 3*s**2 + 2*s + 7. Give o(-3).
-161
Let m(j) = -j**3 - 7*j**2 - j - 30. Determine m(-5).
-75
Let f(k) = 14*k + 581. Calculate f(-63).
-301
Let f(g) = 8*g**3 - 317*g**2 + 192*g + 118. What is f(39)?
1
Let q(m) = 5*m**2 + 2*m - 222. Determine q(10).
298
Let x(r) = r**2 + 70*r - 2741. Calculate x(28).
3
Let c(x) = -x**3 - 2*x**2 + 19*x - 9. What is c(3)?
3
Let q(x) = 14*x - 186. Calculate q(11).
-32
Let b(w) = -2541*w - 7611. Calculate b(-3).
12
Let c(r) = 19*r**2 + 164*r - 42. Give c(-9).
21
Let d(q) = 128*q - 2057. Determine d(16).
-9
Let l(a) = -5*a**3 + 917*a**2 - 1273*a - 182. Determine l(182).
0
Let m(r) = -2*r**3 + 11*r**2 - 4*r - 29. What is m(8)?
-381
Let i(q) = -q**3 + 3*q**2 - 12*q + 117. Calculate i(5).
7
Let g(o) = 2*o**2 - 261*o - 1079. What is g(-4)?
-3
Let c(x) = x**3 - 3*x**2 + 55*x - 325. Calculate c(5).
0
Let a(x) = -x**3 + 73*x**2 - 201*x - 966. Determine a(70).
-336
Let r(b) = 13*b**3 + 93*b**2 - 16*b - 216. Determine r(-7).
-6
Let g(z) = 2*z**3 - 4*z**2 - 22*z + 37. Determine g(4).
13
Let y(x) = 24*x - 66. Determine y(-2).
-114
Let x(q) = 2*q**2 + 726*q + 5693. Determine x(-8).
13
Let l(c) = 10*c**2 + 51*c. What is l(-5)?
-5
Let m(h) = h**3 + 45*h**2 + 501*h + 29. Give m(-25).
4
Let l(r) = -3*r**2 - 56*r + 297. What is l(5)?
-58
Let x(n) = 2*n**2 + 72*n + 285. Determine x(-4).
29
Let w(o) = -4*o**2 + 95*o - 134. What is w(0)?
-134
Let q(t) = 572*t + 590. Calculate q(-1).
18
Let p(j) = 27*j**3 + 4*j**2 - 9*j + 9. What is p(2)?
223
Let w(j) = 83*j + 225. Give w(-3).
-24
Let u(c) = -29*c - 121. Determine u(-4).
-5
Let q(d) = d**3 + 91*d**2 - 3331*d + 125. Calculate q(-119).
6
Let j(k) = -k**3 - 5*k**2 - 28*k - 164. Give j(-5).
-24
Let v(x) = x**3 - 11*x**2 - 28*x - 102. What is v(13)?
-128
Let g(y) = 2*y**3 - 26*y**2 - 31*y + 423. Give g(13).
20
Let x(a) = 2*a**3 - 24*a**2 - 57*a + 18. Calculate x(14).
4
Let a(p) = p**2 - 135*p + 1114. Give a(9).
-20
Let p(d) = -383*d + 8747. Determine p(23).
-62
Let q(f) = -3*f**2 - 26*f - 229. What is q(-16)?
-58